e ((-16)/(-6))/(4/6). Calculate the remainder when s(m) is divided by g.
7
Suppose -18 = -4*o - 6. Suppose o*s - 5*s + 4 = 0. Suppose -1 = -2*y - y - p, -4*y + 5*p + 33 = 0. What is the remainder when y is divided by s?
0
Suppose 3*b = 4*r - 451, 0*b - b = 5*r - 559. Suppose 0 = -3*h - 4*g + r, -5*g + 28 = 5*h - 162. Calculate the remainder when (20/25)/(1/h) is divided by 11.
10
Suppose -h - 3*i = -19, -5*h = -3*i - 109 + 32. What is the remainder when 76 is divided by h?
12
What is the remainder when 2/(-4)*(-51 + 15) is divided by 12?
6
Suppose 0 = -2*q + 2*l + 46, -l - 41 = -3*q - 5*l. What is the remainder when 55 is divided by q?
17
Suppose -5*y + 4*o = 6 + 16, 0 = -5*y + 2*o - 26. Let w = y + 10. Suppose -w*k + k = -30. What is the remainder when 37 is divided by k?
7
Suppose -u = -4*u. What is the remainder when 4 is divided by ((-3 - u) + 0)*-1?
1
Let n(i) = -i**3 + 8*i**2 - 9*i - 5. Calculate the remainder when n(6) is divided by 4.
1
Let z(d) = d**2 - 5*d - 7. Let i be z(7). Suppose 2*g = -5*w + 7, 14 = -3*g + 2. Suppose i*a - 72 = w*a. Calculate the remainder when 52 is divided by a.
16
Let l be ((-205)/(-3))/((-4)/(-12)). Suppose 10 - l = -5*b. What is the remainder when b is divided by 20?
19
Suppose 7*h - 3*h = 40. What is the remainder when 18 is divided by h?
8
Let v(r) = -r**3 - 8*r**2 + 8*r - 9. Let x be v(-9). Suppose x*y + 34 = y. Let l = 70 - y. What is the remainder when l is divided by 19?
17
Suppose 5*p - o - 3*o = 67, -3*p = -4*o - 37. What is the remainder when p is divided by 6?
3
Suppose 5*r - 37 = -n + r, -2*n = 5*r - 77. Calculate the remainder when n is divided by 9.
5
Let l(q) = q**2 - q + 11. Calculate the remainder when l(6) is divided by 7.
6
Calculate the remainder when 67 is divided by (-3 - -1)/((-6)/42).
11
Suppose 0 = -5*d - 3*h + 120, 0*h + 3*h = d - 24. Let j(z) = -z + 13. Calculate the remainder when d is divided by j(0).
11
Let r = 4 + -5. What is the remainder when 28 is divided by -10*(r + -2)/3?
8
Suppose 2*l - 4*l + 4*a + 54 = 0, -5*l + 122 = 3*a. Suppose -x + 5 = -l. Let s = -6 + x. Calculate the remainder when s is divided by 13.
11
Calculate the remainder when 23 is divided by (3 - 0/4) + 3.
5
Let u = -3 + 7. Suppose -l = -u*l. Suppose l*x - x + 29 = 0. Calculate the remainder when x is divided by 15.
14
Suppose -d + 4 = -0. What is the remainder when d is divided by 2?
0
Suppose 22 + 11 = 3*f + 3*w, 0 = -3*f - w + 43. What is the remainder when 28 is divided by f?
12
Let o = 12 + 6. What is the remainder when 30 is divided by o?
12
Suppose 4*a - 44 = -3*s - 2*s, -3*a = 3*s - 30. Calculate the remainder when 1/1*(-22)/(-2) is divided by a.
5
Let c = 102 + -86. Let o = 2 - -27. Calculate the remainder when o is divided by c.
13
Suppose -177 = -3*b + 27. Suppose -3*s = 2*s - d - b, -3*s - 5*d = -24. What is the remainder when s is divided by (10/(-4))/(2/(-4))?
3
Let u(r) = -62*r**3 - r**2 - r. Let m be u(-1). Let b = -42 + m. What is the remainder when 58 is divided by b?
18
Suppose -w = 6*w - 203. Calculate the remainder when 111 is divided by w.
24
Calculate the remainder when (-270)/50*10/(-3) is divided by 7.
4
Let y be ((-4)/8)/(3/(-6)). Let n = y + 1. Suppose -10 = -n*c + 10. Calculate the remainder when c is divided by 6.
4
Suppose 0*i - 6 = -i. What is the remainder when 4 is divided by (-6)/(-18) + 16/i?
1
Let b = 25 + -14. What is the remainder when 20 is divided by b?
9
Suppose 5*s = 3 + 7, 0 = 5*b - 2*s - 126. What is the remainder when 76 is divided by b?
24
Suppose -136 = -4*r - 3*q, 0 = -2*r + 2*q + q + 68. What is the remainder when 134 is divided by r?
32
Suppose -2*s + 2*t = -s - 2, 5*t + 26 = -s. Let b = s + 9. What is the remainder when b/(3/11)*2 is divided by 12?
10
Suppose -5*h = m - 7, -3*m + 72 = -2*h - 0*h. Calculate the remainder when 63 is divided by m.
19
Suppose -2*g + 19 = 3*j, 4*j - 29 = -9. Let y(d) = d**3 - 7*d + 8*d**g + d - 3*d + 6. What is the remainder when 16 is divided by y(-9)?
4
Let h = -183 - -260. Let g = 35 - 15. Calculate the remainder when h is divided by g.
17
Let v = 17 + 97. Calculate the remainder when v is divided by 39.
36
Calculate the remainder when 53 is divided by ((-22)/(-3))/((-4)/(-6)).
9
Suppose g + 3*g = -12. What is the remainder when ((-12)/(-10))/(2/20) is divided by 3/(g - 48/(-14))?
5
Let c(r) = -6*r + 6. Let b be c(-5). Suppose -i = i - b. Let d = 32 - i. What is the remainder when 53 is divided by d?
11
Suppose -g = 4*q - 3*g - 52, 4*q - 5*g - 52 = 0. What is the remainder when 36 is divided by q?
10
Let s = -66 + 73. Calculate the remainder when 26 is divided by s.
5
Let a(p) = p - 2. Let i be a(-6). Let w(z) be the first derivative of z**3/3 + 7*z**2/2 + 6*z - 1. Calculate the remainder when w(i) is divided by 5.
4
Suppose -4*s = 2*j + j - 143, j = 2*s + 51. Calculate the remainder when j is divided by 2*((-34)/(-4) + 0).
15
Let c(f) = -3 + 0 + 0. Let s(j) = j + 5. Let v(h) = -4*c(h) - 3*s(h). What is the remainder when 7 is divided by v(-2)?
1
Suppose 6*w - 5*w + 1 = 0. Calculate the remainder when 10 is divided by w/3 - (-13)/3.
2
Suppose -13*m = m - 84. What is the remainder when 26 is divided by m?
2
Suppose 5*a = -0*a + 4*z + 39, -4*z = 4*a - 60. Calculate the remainder when 43 is divided by a.
10
Let h(k) = k**2 - 2. Let g be h(2). Suppose -x + 19 = -g*d, 0*d + 2*d - 2 = 0. What is the remainder when 40 is divided by x?
19
Let g(c) = 4*c**2 - 3. Calculate the remainder when 83 is divided by g(-3).
17
Let a(r) be the first derivative of -r**2/2 + 4. Calculate the remainder when 17 is divided by a(-5).
2
Let z = 7 - -12. Let d = 21 - z. Calculate the remainder when 5 is divided by d.
1
What is the remainder when (85/20)/(3/84) is divided by 40?
39
Let r = 264 + -153. Suppose -2*z = z - r. Suppose -3*h - 7 = 5*y - 44, 2*y = -2*h + 30. Calculate the remainder when z is divided by h.
18
Suppose 4*u + 16 = -4*g, 3*g = -1 + 7. What is the remainder when (31 - u/2) + -3 is divided by 17?
14
Suppose 4*c - 75 = 61. Let o = 7 + -4. Suppose 2*k - 90 = -o*k. Calculate the remainder when c is divided by k.
16
Suppose -2*p = -4*p - 4*w + 20, 3*w = 6. Let x = 5 - p. What is the remainder when 4/(-2) - 4/x is divided by 1?
0
Let f = -118 - -141. Calculate the remainder when 68 is divided by f.
22
Let r(n) = -12*n - 1. Let q(i) = -25*i - 3. Let x(s) = -2*q(s) + 5*r(s). What is the remainder when x(-1) is divided by 7?
4
Let i = 519 + -502. Suppose 3*t - 194 = 2*y, -t - y + 5*y + 58 = 0. What is the remainder when t is divided by i?
15
Let m(j) = 3*j. Let g = 68 - 23. Calculate the remainder when g is divided by m(4).
9
Suppose -3*d - 5*b = -6, -2*d + 23 = -2*b - b. Calculate the remainder when 20 is divided by d.
6
Suppose -c - 3*r + 6 = -r, -3*c = 2*r - 6. Let o = 311 - 181. Suppose g + 4*g + 5 = c, -5*g = -5*u + o. What is the remainder when u is divided by 14?
11
Suppose 22*o = 19*o + 108. What is the remainder when 177 is divided by o?
33
Let l(n) = n**2 - 2*n - 7. Let r be l(5). Let k(d) = d - 1. Let i = -24 - -50. Calculate the remainder when i is divided by k(r).
5
Suppose -4*p + 62 = -2*p. What is the remainder when 61 is divided by p?
30
Let i(v) = 13*v**3 - v**2 + 1. Calculate the remainder when 38 is divided by i(1).
12
Suppose 4*x + g - 29 = 22, 4*g + 76 = 4*x. Calculate the remainder when 124 is divided by x.
12
Let k(x) = x**2 + x. Let t be (-24)/(-9) - (-4)/(-6). Suppose -5*w + w - 6 = -n, -t*w = n + 6. What is the remainder when 3 is divided by k(n)?
1
Let d(k) be the third derivative of -k**5/60 - 5*k**4/24 + k**3/2 - k**2. Let m(z) = z**2 - 7*z - 6. Calculate the remainder when d(-5) is divided by m(8).
1
Suppose 3*l + 58 = 166. What is the remainder when l is divided by 16?
4
Let h be (-1 - -349)*(-6)/(-12). Let p = h + -116. What is the remainder when p is divided by 20?
18
Let w = 121 - 27. Suppose 66 = 5*c - w. Calculate the remainder when c is divided by 11.
10
Suppose 0*a + 30 = 3*a. What is the remainder when 9 is divided by (a/(-4))/5*-4?
1
Let c(v) = -3 - 7 + 17 - 3*v + 9*v. Calculate the remainder when c(5) is divided by 13.
11
Let f be -2*(-3 - -2) + -1. What is the remainder when (f - -38)*(-5)/(-15) is divided by 5?
3
Suppose -2*p = 4*t - 28, 3*p - 18 = p - 2*t. Calculate the remainder when 7 is divi